eatest common divisor of 16348 and 854.
122
Calculate the greatest common factor of 372 and 358.
2
Calculate the highest common factor of 13 and 61529.
13
What is the highest common factor of 215418 and 210?
42
Calculate the greatest common divisor of 63 and 16083.
9
Calculate the highest common factor of 26 and 137098.
26
What is the greatest common divisor of 272 and 228089?
17
What is the highest common factor of 10308 and 396?
12
What is the highest common factor of 449964 and 290?
58
Calculate the highest common divisor of 29797 and 83.
83
What is the greatest common divisor of 12 and 18932?
4
What is the greatest common divisor of 125 and 151025?
25
What is the greatest common factor of 199526 and 134?
134
Calculate the greatest common divisor of 136 and 13787.
17
Calculate the greatest common factor of 114 and 151734.
114
Calculate the greatest common factor of 244171 and 8109.
901
Calculate the highest common divisor of 268 and 595831.
67
What is the highest common divisor of 5808 and 48?
48
What is the highest common divisor of 20 and 2062?
2
What is the greatest common factor of 118 and 10466?
2
Calculate the greatest common factor of 174890 and 30.
10
What is the highest common factor of 6046 and 104?
2
Calculate the greatest common divisor of 26 and 2918.
2
Calculate the greatest common factor of 10058 and 1222.
94
Calculate the highest common divisor of 785 and 751245.
785
Calculate the greatest common divisor of 369 and 124189.
41
Calculate the greatest common factor of 17147 and 3.
1
What is the greatest common factor of 378430 and 65?
65
What is the greatest common divisor of 686 and 6286?
14
What is the highest common divisor of 3093 and 255688?
1031
What is the greatest common divisor of 13774 and 3976?
142
What is the greatest common divisor of 502418 and 5950?
238
Calculate the highest common divisor of 202 and 6380574.
202
Calculate the highest common factor of 8468 and 25112.
292
Calculate the greatest common factor of 24843 and 156.
39
Calculate the greatest common factor of 1985431 and 49.
49
Calculate the greatest common divisor of 1260 and 28791.
63
Calculate the highest common factor of 1627209 and 324.
81
Calculate the greatest common factor of 3582 and 17114.
398
What is the greatest common factor of 49 and 17087?
7
What is the greatest common factor of 284771 and 446?
223
Calculate the highest common factor of 78274 and 182.
14
What is the greatest common divisor of 9 and 19408977?
9
What is the greatest common factor of 83927 and 42435?
943
Calculate the greatest common factor of 2316429 and 9.
9
Calculate the greatest common factor of 1789836 and 12.
12
Calculate the greatest common divisor of 136907 and 79.
79
What is the greatest common divisor of 7359792 and 12?
12
Calculate the highest common divisor of 1855974 and 3258.
1086
What is the greatest common factor of 6984 and 1800?
72
Calculate the highest common divisor of 2070 and 243810.
90
What is the greatest common divisor of 31 and 22599?
31
What is the highest common divisor of 9051 and 210?
21
Calculate the greatest common divisor of 35 and 15092.
7
Calculate the highest common factor of 44632 and 18331.
797
What is the highest common divisor of 950 and 32794?
38
Calculate the highest common divisor of 53989 and 247.
13
Calculate the greatest common divisor of 6669 and 689.
13
What is the highest common factor of 148821 and 1017?
339
What is the greatest common divisor of 39259 and 22?
11
Calculate the greatest common factor of 1085 and 12670.
35
Calculate the greatest common factor of 32060 and 10992.
916
Calculate the greatest common divisor of 5124 and 588.
84
What is the highest common factor of 78657 and 2355?
471
Calculate the highest common factor of 40 and 28984.
8
What is the highest common factor of 6144 and 132?
12
What is the greatest common divisor of 5994 and 25678?
74
What is the greatest common divisor of 63262 and 752?
94
What is the greatest common factor of 13246 and 10024?
358
Calculate the greatest common divisor of 26 and 78273.
13
Calculate the highest common divisor of 1876 and 49.
7
What is the greatest common factor of 5820 and 430098?
582
What is the greatest common divisor of 346468 and 148?
148
What is the highest common factor of 4484 and 152836?
76
Calculate the highest common factor of 14868 and 2242.
118
Calculate the greatest common divisor of 111482 and 35.
7
Calculate the greatest common factor of 11 and 1622302.
11
What is the highest common factor of 2261 and 931?
133
Calculate the greatest common divisor of 2079 and 281259.
297
Calculate the greatest common divisor of 477 and 1017.
9
Calculate the highest common factor of 3444 and 31611.
123
Calculate the highest common divisor of 6669 and 1729.
247
What is the greatest common factor of 770849 and 1653?
551
Calculate the greatest common factor of 2007 and 5575.
223
Calculate the greatest common factor of 23 and 3614634.
23
Calculate the greatest common divisor of 537571 and 31.
31
Calculate the greatest common divisor of 356 and 487987.
89
What is the greatest common factor of 203118 and 22336?
698
What is the greatest common factor of 138 and 1730037?
69
What is the greatest common divisor of 23955 and 164491?
1597
What is the greatest common divisor of 225 and 48699?
9
Calculate the highest common factor of 462 and 1353.
33
Calculate the greatest common factor of 16 and 55888.
16
What is the highest common divisor of 2144 and 35309?
67
What is the highest common factor of 28452 and 228?
12
What is the greatest common divisor of 76 and 10906988?
76
Calculate the greatest common factor of 5208 and 2744.
56
Calculate the highest common factor of 52430 and 49.
49
What is the highest common factor of 1727154 and 21780?
2178
What is the highest common divisor of 145 and 69665?
5
Calculate the highest common factor of 57851 and 3485.
697
What is the greatest common divisor of 51523 and 536?
67
What is the highest common divisor of 59 and 1064773?
59
What is the greatest common factor of 14765456 and 1424?
1424
Calculate the greatest common divisor of 16797 and 30031.
509
Calculate the highest common divisor of 8220 and 3468.
12
What is the greatest common divisor of 4108 and 19276?
316
Calculate the highest common factor of 1720 and 3397.
43
What is the greatest common divisor of 172 and 31261?
43
Calculate the highest common factor of 1817280 and 48.
48
Calculate the highest common factor of 8 and 483944.
8
Calculate the highest common factor of 132 and 732.
12
Calculate the highest common factor of 664929 and 81.
81
Calculate the highest common divisor of 153 and 1584.
9
What is the highest common factor of 291057 and 3315?
663
Calculate the highest common divisor of 554280 and 5115.
465
What is the highest common factor of 3 and 30585?
3
Calculate the highest common divisor of 5797 and 7161.
341
Calculate the highest common factor of 233933 and 391.
23
Calculate the greatest common factor of 25 and 14720.
5
What is the highest common factor of 19877 and 979?
11
Calculate the highest common divisor of 5920 and 1360.
80
Calculate the greatest common factor of 130 and 83252.
26
What is the highest common divisor of 3210 and 870?
30
Calculate the greatest common factor of 31340 and 180.
20
Calculate the highest common divisor of 60515 and 494.
247
Calculate the highest common factor of 973462 and 28.
14
Calculate the highest common factor of 45 and 665615.
5
Calculate the greatest common factor of 13097 and 14.
7
What is the greatest common divisor of 271053 and 27?
27
What is the highest common divisor of 3429 and 162?
27
What is the highest common divisor of 399 and 2606800?
133
Calculate the greatest common factor of 494 and 31538.
26
What is the highest common divisor of 160 and 7712?
32
What is the greatest common factor of 138 and 243777?
69
What is the highest common divisor of 72798 and 814?
22
Calculate the greatest common factor of 4 and 19942.
2
Calculate the greatest common factor of 2 and 27998.
2
What is the highest common factor of 76934 and 572?
286
What is the greatest common divisor of 10500 and 588?
84
What is the highest common divisor of 565267 and 697?
697
Calculate the greatest common factor of 37952 and 16.
16
Calculate the highest common div